*y - 4*q + 34. Let k = -9 - y. Calculate the remainder when 2 is divided by k.
0
Suppose 0*t - 4*t = 0. Suppose -2*a + 10 + 4 = t. Calculate the remainder when 19 is divided by a.
5
Suppose 3*b + p + 21 = 4*p, 0 = -2*b - p - 11. Suppose -4*n = -3*z - 24, -2*n = z - 4*z - 18. Calculate the remainder when 56 is divided by b/n*38/(-4).
18
Suppose 3*u = d - 10, -3*u = 4 + 2. Calculate the remainder when 34 is divided by 9 - -1*(-1 + d).
10
Suppose 0 = 6*g - 2*g + 108. Calculate the remainder when 35 is divided by (1 + -3)/(6/g).
8
Let r(s) = 3*s**3 - 2*s**2 - 4*s + 4. Calculate the remainder when 45 is divided by r(2).
9
Suppose -5*v + 35 = -95. Let m = v - 12. Suppose -3 = q - 11. What is the remainder when m is divided by q?
6
Suppose 4*n = -3*f + 43, 4*n = 4*f - 121 + 45. Calculate the remainder when 131 is divided by f.
12
Calculate the remainder when 43 + (-4 - (-2 - -2)) is divided by 14.
11
Let t(o) = o**2 - o + 1. Let m be t(2). Let l = m - 1. What is the remainder when 2 is divided by (-5 + 1)/(0 - l)?
0
Let x be (30/25)/(6/15). Suppose -w = 5*i - 2*w - 594, -x*i + 3*w = -354. What is the remainder when i is divided by 30?
29
Let q(d) = d**3 - 6*d**2 + 5. Suppose g + 0*g = 5*i + 1, 5*g = 4*i + 26. Calculate the remainder when q(g) is divided by (12/14)/((60/(-56))/(-5)).
1
Let m(u) = u**3 + 11*u**2 - 7*u + 15. Calculate the remainder when m(-11) is divided by 31.
30
Let r = 48 + -31. Suppose 0*p - 3*p + 2*s = -18, 9 = -3*s. Suppose 4*a + a - p*b = 33, -4*a = -b - 33. What is the remainder when r is divided by a?
8
Let r(o) = 2*o**2 - 31*o + 8. Calculate the remainder when 115 is divided by r(16).
19
Let a(v) = 4*v**2 - v - 10. What is the remainder when 63 is divided by a(3)?
17
Let j = -4 - -7. Suppose 5*s + 9 = 5*g - j*g, 5*s = g + 3. What is the remainder when 29/58*(-1 + 71) is divided by g?
11
Let u(y) = y**3 + 2*y**2 + y + 4. Let d be u(-3). Let x(h) = -h**3 - 9*h**2 - 12*h - 11. Calculate the remainder when x(d) is divided by 11.
10
Suppose 6*p - 175 = -p. Calculate the remainder when 97 is divided by p.
22
Suppose -5 = 2*w + 7. Let k(s) = s**2 + 3*s - 4. Let u be k(w). Suppose -u = -i + 8. What is the remainder when 42 is divided by i?
20
Suppose 3*o = -2*y + 12, -5*o - 4*y + 16 = -2*y. Let t = o + 3. Calculate the remainder when t is divided by 4.
1
Let o = 4 + 6. What is the remainder when o is divided by 3?
1
Let b(z) = -z**3 - 3*z**2 + 4*z + 2. Calculate the remainder when 7 is divided by b(-4).
1
Let s = -116 - -41. Let i = 131 + s. What is the remainder when i is divided by 15?
11
Suppose 0*m + m = -8. Let a = m + 10. Suppose 2*n - 1 - 1 = 0. Calculate the remainder when a is divided by n.
0
Let h = 7 + -4. Suppose 0 = -2*c - 2*j + 60, 2*j = -2*c - c + 85. Suppose m = 2*w - 4*w + c, 0 = h*w + m - 39. Calculate the remainder when w is divided by 4.
2
Suppose -2*z + 91 = -s + 18, 5*s = -z + 31. Calculate the remainder when 107 is divided by z.
35
Suppose 0 = -d - 4 + 5, -d - 25 = -2*a. Calculate the remainder when 63 is divided by a.
11
Suppose -8 = -x - 0*x. Calculate the remainder when x is divided by 6.
2
Let v(x) = 1 - 36*x - 2 + 5*x. Let k be v(1). Let n = k + 69. Calculate the remainder when n is divided by 13.
11
Let p be (66/(-4))/(2/(-4)). Let c = p + -20. Calculate the remainder when c is divided by 4.
1
Let o(p) = 5*p - 21. Calculate the remainder when o(8) is divided by 12.
7
Suppose -4*t = 5*m - 33, 4*t - t - 5*m = -19. Calculate the remainder when (-4)/(8/(-6)) + (-5 - -7) is divided by t.
1
Suppose -4*k + 2*k + 8 = 0. Let w be 0 - (-2 + 3 - k). Suppose -3*x + x + 42 = 4*i, 3*i = w*x + 27. Calculate the remainder when 28 is divided by i.
8
Let u = -7 - -26. What is the remainder when 56 is divided by u?
18
Let u(n) be the first derivative of n**4/4 - n**3/3 - n + 2. Calculate the remainder when (-4)/(-6) + (-13)/(-3) is divided by u(2).
2
Suppose 4 = 6*m - 8. Calculate the remainder when 18 is divided by m.
0
Let b = 1 + 20. Suppose -y + 6 = 4*r + r, -y - 2 = -3*r. Let i(j) = 10*j**3 + 1. What is the remainder when b is divided by i(r)?
10
Let z(s) = -s + 76. Let h be z(0). Suppose -5*g + 156 = -4*n, 2*g - 4*n - n = h. What is the remainder when g is divided by 6?
4
Let q = -7 - -7. Let v be 20/5 - (q - 1). Suppose -2*r = -v*r + 3*i + 60, 5*r - 96 = 4*i. What is the remainder when 47 is divided by r?
15
Let g = -291 - -428. Calculate the remainder when g is divided by 28.
25
Suppose -x = 2*s - 184, 5*x - 28 = -s + 55. What is the remainder when s is divided by 24?
21
Let g = 24 + -26. Let m = 21 + -87. Calculate the remainder when 21 is divided by (1/g)/(3/m).
10
Let z(w) = 21*w - 3. What is the remainder when z(4) is divided by 21?
18
Let v = 1 - -1. Suppose 4*d - 158 = -v*x, -3*x + x + 47 = d. Suppose 60 = 2*o + 4*o. What is the remainder when d is divided by o?
7
Let u(o) = -11*o + 1. Let v be u(-4). Suppose -y - 4*y - v = 0. Let x = -4 - y. What is the remainder when x is divided by 3?
2
Let h be 3/(-1) + (92 - 7). Suppose 0*r + 2*r + y = -h, -r = 3*y + 41. Let t = r + 57. What is the remainder when 46 is divided by t?
14
Let d(h) = -h**2 + h**3 + 1 - 5 + 2*h + 0*h + h. What is the remainder when 89 is divided by d(3)?
20
Let f(t) = -2*t**3 - 3*t**2 + t - 4. Calculate the remainder when f(-3) is divided by 11.
9
Let z = 39 - 25. What is the remainder when 35 is divided by z?
7
Let q = -67 + 100. What is the remainder when q is divided by 7?
5
Suppose 4*m - 23 = -2*s - 7, -5*s + 48 = 2*m. What is the remainder when 16 is divided by s?
6
Let h = 104 - 24. What is the remainder when h is divided by 27?
26
Suppose -t + 5 = 3*h - 4*h, -24 = 5*h - 4*t. Let u(r) = r**3 + 6*r**2 + 4*r + 5. Let o be u(h). Let g = 32 - o. What is the remainder when 19 is divided by g?
8
Suppose 2*y + 4 = 4*m, 4*m - 7 = -y - 3. Suppose -2*v = v. Calculate the remainder when 5 is divided by y + (1 - (-1 - v)).
1
Let r = -120 + 310. Suppose 0 = -d + 3*d - r. Suppose 4*t + t = d. What is the remainder when 36 is divided by t?
17
Suppose -4*k - 52 = -2*g, 0*k + 3*k + 72 = 3*g. Calculate the remainder when 128 is divided by g.
18
Let o(c) = c**2 - 4*c. Calculate the remainder when 61 is divided by o(7).
19
Let w be 9/(-3) - -9 - 2. Suppose -x = -5*g - 5*x + 28, -8 = -w*x. Suppose g*d = 8 + 12. Calculate the remainder when 13 is divided by d.
3
Let y(s) = -s**3 + 9*s**2 - 12*s + 10. What is the remainder when y(4) is divided by 22?
20
Let y(j) = 4 - 5 - 2 - 2*j. Let z be y(-3). Suppose -z*t = 3*c - 45, 2*c + t = 4*c - 18. Calculate the remainder when 21 is divided by c.
10
Suppose 75 = w + 67. Calculate the remainder when 12 is divided by w.
4
Let x(r) = 2*r + 2. Suppose 0 = g + g - 12. Calculate the remainder when 40 is divided by x(g).
12
Suppose -3*n + 15 = -0*n, -2*l - 4*n + 36 = 0. Suppose t = -m + 4*m - 53, -3*t + 49 = 4*m. Suppose 29 = 3*r - m. What is the remainder when r is divided by l?
7
Let r = 7 + -2. Suppose 29 = r*q - 101. Calculate the remainder when 76 is divided by q.
24
Suppose 27 = 2*v + 3. What is the remainder when 19 is divided by v?
7
Suppose 5*s = -5*p + 105, -s - 6 + 47 = 5*p. What is the remainder when 29 is divided by s?
13
Let a be -2 + (-1 - 2 - 14). Let n be (1 + a)/(0 - 2). Let c = n - 1. Calculate the remainder when 14 is divided by c.
6
Suppose a - 147 = -139. What is the remainder when 23 is divided by a?
7
Let j(t) = -t**3 - 3*t**2 + 2*t - 3. Let i = 302 + -278. Calculate the remainder when j(-6) is divided by i.
21
Let q(h) = h**3 + 4*h**2 - 3*h + 3. What is the remainder when q(-4) is divided by 6?
3
Suppose 2*p - 6 - 18 = 0. Let z = p - 7. Calculate the remainder when 84/10 + 4/(-10) is divided by z.
3
Let u be 1/(-2) + 22/4. Suppose r = 2*z - 3*z + 11, u*r - 100 = 4*z. Suppose -2*f = p - 59, 3*p = 3*f - 61 - 41. Calculate the remainder when f is divided by r.
15
What is the remainder when (22/(-8))/((-3)/24) is divided by 6?
4
Let s = -32 - -72. What is the remainder when 199 is divided by s?
39
Let v be (-1)/2*(21 - -3). Let h be (-4)/(-6) + (-4)/v. Let x = 5 - h. Calculate the remainder when 7 is divided by x.
3
Let l(x) be the first derivative of x**4/4 - 8*x**3/3 + 9*x**2/2 - 10*x + 6. Let a = 17 - 10. Calculate the remainder when 15 is divided by l(a).
3
Let v(w) = -w**2 + 17*w - 34. What is t